{"id":11,"date":"2023-01-03T21:12:48","date_gmt":"2023-01-03T21:12:48","guid":{"rendered":"http:\/\/botanicacbba2023.sbb.org.bo\/?page_id=11"},"modified":"2023-01-10T20:56:57","modified_gmt":"2023-01-10T20:56:57","slug":"directorio","status":"publish","type":"page","link":"https:\/\/botanicacbba2023.sbb.org.bo\/?page_id=11","title":{"rendered":"Comit\u00e9 Organizador"},"content":{"rendered":"\n<p>Comit\u00e9 Organizador del V congreso Boliviano de Bot\u00e1nica <\/p>\n\n\n\n<div class=\"wp-block-columns is-layout-flex wp-container-core-columns-is-layout-9d6595d7 wp-block-columns-is-layout-flex\">\n<div class=\"wp-block-column is-layout-flow wp-block-column-is-layout-flow\" style=\"flex-basis:33.33%\"><\/div>\n\n\n\n<div class=\"wp-block-column is-layout-flow wp-block-column-is-layout-flow\" style=\"flex-basis:66.66%\">\n<p><strong>Presidenta<\/strong>: Susana Arr\u00e1zola<\/p>\n\n\n\n<p><strong>Vice-presidenta<\/strong>: Erika Fern\u00e1ndez<\/p>\n\n\n\n<p><strong>Secretaria econ\u00f3mica<\/strong>: Nelly de la Barra y Fabiola Baya<\/p>\n\n\n\n<p><strong>Comit\u00e9 Cient\u00edfico<\/strong>: Margoth Atahuachi, Magaly Mercado, Carola Antezana, Milton Fern\u00e1ndez, Edgar Gareca<\/p>\n\n\n\n<p><strong>Relaciones p\u00fablicas<\/strong>: Milton Fern\u00e1ndez, Saul Altamirano<\/p>\n\n\n\n<p><strong>Encargados de la difusi\u00f3n:<\/strong> Cinthia Andrea Soliz<\/p>\n\n\n\n<p><strong>Log\u00edstica<\/strong>: Modesto Zarate, Nataly Rivero, Fabiola Baya, Hortencia Porcel, Gabriel Torrico<\/p>\n<\/div>\n<\/div>\n\n\n\n<p> <\/p>\n","protected":false},"excerpt":{"rendered":"<p>Comit\u00e9 Organizador del V congreso Boliviano de Bot\u00e1nica Presidenta: Susana Arr\u00e1zola Vice-presidenta: Erika Fern\u00e1ndez Secretaria econ\u00f3mica: Nelly de la Barra y Fabiola Baya Comit\u00e9 Cient\u00edfico: Margoth Atahuachi, Magaly Mercado, Carola Antezana, Milton Fern\u00e1ndez, Edgar Gareca Relaciones p\u00fablicas: Milton Fern\u00e1ndez, Saul Altamirano Encargados de la difusi\u00f3n: Cinthia Andrea Soliz Log\u00edstica: Modesto Zarate, Nataly Rivero, Fabiola Baya,&#8230;<\/p>\n","protected":false},"author":1,"featured_media":0,"parent":0,"menu_order":0,"comment_status":"closed","ping_status":"closed","template":"","meta":{"_kad_post_transparent":"","_kad_post_title":"","_kad_post_layout":"","_kad_post_sidebar_id":"","_kad_post_content_style":"","_kad_post_vertical_padding":"","_kad_post_feature":"","_kad_post_feature_position":"","_kad_post_header":false,"_kad_post_footer":false,"footnotes":""},"class_list":["post-11","page","type-page","status-publish","hentry"],"jetpack_sharing_enabled":true,"_links":{"self":[{"href":"https:\/\/botanicacbba2023.sbb.org.bo\/index.php?rest_route=\/wp\/v2\/pages\/11","targetHints":{"allow":["GET"]}}],"collection":[{"href":"https:\/\/botanicacbba2023.sbb.org.bo\/index.php?rest_route=\/wp\/v2\/pages"}],"about":[{"href":"https:\/\/botanicacbba2023.sbb.org.bo\/index.php?rest_route=\/wp\/v2\/types\/page"}],"author":[{"embeddable":true,"href":"https:\/\/botanicacbba2023.sbb.org.bo\/index.php?rest_route=\/wp\/v2\/users\/1"}],"replies":[{"embeddable":true,"href":"https:\/\/botanicacbba2023.sbb.org.bo\/index.php?rest_route=%2Fwp%2Fv2%2Fcomments&post=11"}],"version-history":[{"count":3,"href":"https:\/\/botanicacbba2023.sbb.org.bo\/index.php?rest_route=\/wp\/v2\/pages\/11\/revisions"}],"predecessor-version":[{"id":86,"href":"https:\/\/botanicacbba2023.sbb.org.bo\/index.php?rest_route=\/wp\/v2\/pages\/11\/revisions\/86"}],"wp:attachment":[{"href":"https:\/\/botanicacbba2023.sbb.org.bo\/index.php?rest_route=%2Fwp%2Fv2%2Fmedia&parent=11"}],"curies":[{"name":"wp","href":"https:\/\/api.w.org\/{rel}","templated":true}]}}